{"id":42,"date":"2023-05-22T16:14:44","date_gmt":"2023-05-22T16:14:44","guid":{"rendered":"https:\/\/craguasresiduales.com\/?page_id=42"},"modified":"2026-04-24T16:22:30","modified_gmt":"2026-04-24T16:22:30","slug":"proyecto","status":"publish","type":"page","link":"https:\/\/craguasresiduales.com\/?page_id=42","title":{"rendered":"PROYECTO"},"content":{"rendered":"\n<p>Se trata de una Planta Solar Flotante, que se instalar\u00e1 en la balsa cuyas fotos aparecen en Galer\u00eda.<\/p>\n\n\n\n<p>31 DE  MAYO DE 2023: ATENCI\u00d3N VUELVAN A DESCARGAR EL PROYECTO. Nos hemos dado cuenta de que que el proyecto que subimos ten\u00eda los precios desfasados. El 24\/11\/2022 se hizo una SUBSANACI\u00d3N en la Consejer\u00eda de Agricultura, registrando el MISMO PROYECTO con los PRECIOS ACTUALIZADOS.<\/p>\n\n\n\n<p>PLANOS EN FORMATO A3:  Se ha detectado que los planos del proyecto aparecen cortados. Quen dese los planos en formato A3 puede pedirlo por correo o por tel\u00e9fono y se los enviaremos. No podemos insertarlos aqu\u00ed porque su tama\u00f1o excede de la capacidad de la web.<\/p>\n\n\n\n<p><\/p>\n\n\n\n<p><\/p>\n\n\n\n<p><\/p>\n","protected":false},"excerpt":{"rendered":"<p>Se trata de una Planta Solar Flotante, que se instalar\u00e1 en la balsa cuyas fotos aparecen en Galer\u00eda. 31 DE MAYO DE 2023: ATENCI\u00d3N VUELVAN A DESCARGAR EL PROYECTO. Nos &hellip; <\/p>\n","protected":false},"author":3,"featured_media":0,"parent":0,"menu_order":0,"comment_status":"closed","ping_status":"closed","template":"","meta":{"footnotes":""},"class_list":["post-42","page","type-page","status-publish","hentry"],"_links":{"self":[{"href":"https:\/\/craguasresiduales.com\/index.php?rest_route=\/wp\/v2\/pages\/42","targetHints":{"allow":["GET"]}}],"collection":[{"href":"https:\/\/craguasresiduales.com\/index.php?rest_route=\/wp\/v2\/pages"}],"about":[{"href":"https:\/\/craguasresiduales.com\/index.php?rest_route=\/wp\/v2\/types\/page"}],"author":[{"embeddable":true,"href":"https:\/\/craguasresiduales.com\/index.php?rest_route=\/wp\/v2\/users\/3"}],"replies":[{"embeddable":true,"href":"https:\/\/craguasresiduales.com\/index.php?rest_route=%2Fwp%2Fv2%2Fcomments&post=42"}],"version-history":[{"count":9,"href":"https:\/\/craguasresiduales.com\/index.php?rest_route=\/wp\/v2\/pages\/42\/revisions"}],"predecessor-version":[{"id":150,"href":"https:\/\/craguasresiduales.com\/index.php?rest_route=\/wp\/v2\/pages\/42\/revisions\/150"}],"wp:attachment":[{"href":"https:\/\/craguasresiduales.com\/index.php?rest_route=%2Fwp%2Fv2%2Fmedia&parent=42"}],"curies":[{"name":"wp","href":"https:\/\/api.w.org\/{rel}","templated":true}]}}